{"id":1867,"date":"2024-07-16T13:31:31","date_gmt":"2024-07-16T13:31:31","guid":{"rendered":"https:\/\/arcolvasas.hu\/?page_id=1867"},"modified":"2024-07-16T13:33:44","modified_gmt":"2024-07-16T13:33:44","slug":"koszonom","status":"publish","type":"page","link":"https:\/\/arcolvasas.hu\/index.php\/koszonom\/","title":{"rendered":"K\u00f6sz\u00f6n\u00f6m"},"content":{"rendered":"\t\t<div data-elementor-type=\"wp-page\" data-elementor-id=\"1867\" class=\"elementor elementor-1867\" data-elementor-post-type=\"page\">\n\t\t\t\t\t\t<section class=\"elementor-section elementor-top-section elementor-element elementor-element-31fa0f63 elementor-section-height-min-height elementor-section-boxed elementor-section-height-default elementor-section-items-middle\" data-id=\"31fa0f63\" data-element_type=\"section\" data-e-type=\"section\">\n\t\t\t\t\t\t<div class=\"elementor-container elementor-column-gap-default\">\n\t\t\t\t\t<div class=\"elementor-column elementor-col-50 elementor-top-column elementor-element elementor-element-4538bb04\" data-id=\"4538bb04\" data-element_type=\"column\" data-e-type=\"column\">\n\t\t\t<div class=\"elementor-widget-wrap elementor-element-populated\">\n\t\t\t\t\t\t<div class=\"elementor-element elementor-element-2a0de318 elementor-widget elementor-widget-progress\" data-id=\"2a0de318\" data-element_type=\"widget\" data-e-type=\"widget\" data-widget_type=\"progress.default\">\n\t\t\t\t<div class=\"elementor-widget-container\">\n\t\t\t\t\t\n\t\t<div class=\"elementor-progress-wrapper\" role=\"progressbar\" aria-valuemin=\"0\" aria-valuemax=\"100\" aria-valuenow=\"100\" aria-valuetext=\"100% (K\u00e9sz vagy!)\">\n\t\t\t<div class=\"elementor-progress-bar\" data-max=\"100\">\n\t\t\t\t<span class=\"elementor-progress-text\">K\u00e9sz vagy!<\/span>\n\t\t\t\t\t\t\t\t\t<span class=\"elementor-progress-percentage\">100%<\/span>\n\t\t\t\t\t\t\t<\/div>\n\t\t<\/div>\n\t\t\t\t\t\t<\/div>\n\t\t\t\t<\/div>\n\t\t\t\t<div class=\"elementor-element elementor-element-26fda1a0 elementor-widget elementor-widget-text-editor\" data-id=\"26fda1a0\" data-element_type=\"widget\" data-e-type=\"widget\" data-widget_type=\"text-editor.default\">\n\t\t\t\t<div class=\"elementor-widget-container\">\n\t\t\t\t\t\t\t\t\t<p><strong>Gratul\u00e1lok!<\/strong><\/p>\n<p>Sikeresen jelentkezt\u00e9l.<\/p>\n<p><span style=\"color: var( --e-global-color-primary );\">H\u00e1l\u00e1s vagyok a bizalmad\u00e9rt, \u00f6r\u00fcl\u00f6k, hogy regisztr\u00e1lt\u00e1l.<\/span><br><\/p>\n<p>Ez csak a megismerked\u00e9s\u00fcnk els\u0151 l\u00e9p\u00e9se volt, az arcolvas\u00e1s enn\u00e9l sokkal t\u00f6bbet tud m\u00e9g ny\u00fajtani sz\u00e1modra.<\/p>\n<p>Rem\u00e9lem Te is l\u00e1tni fogod ezt a k\u00f6vetkez\u0151 id\u0151szakban \u00e9s lehet\u0151s\u00e9ged lesz meggy\u0151z\u0151dni a pozit\u00edv hat\u00e1sair\u00f3l!<\/p>\t\t\t\t\t\t\t\t<\/div>\n\t\t\t\t<\/div>\n\t\t\t\t\t<\/div>\n\t\t<\/div>\n\t\t\t\t<div class=\"elementor-column elementor-col-50 elementor-top-column elementor-element elementor-element-30656409\" data-id=\"30656409\" data-element_type=\"column\" data-e-type=\"column\">\n\t\t\t<div class=\"elementor-widget-wrap elementor-element-populated\">\n\t\t\t\t\t\t<div class=\"elementor-element elementor-element-5e620f74 elementor-widget elementor-widget-text-editor\" data-id=\"5e620f74\" data-element_type=\"widget\" data-e-type=\"widget\" data-widget_type=\"text-editor.default\">\n\t\t\t\t<div class=\"elementor-widget-container\">\n\t\t\t\t\t\t\t\t\t<p>M\u00e1r nagyon v\u00e1rlak! \u00c9rdekes lesz!<\/p>\t\t\t\t\t\t\t\t<\/div>\n\t\t\t\t<\/div>\n\t\t\t\t<div class=\"elementor-element elementor-element-1ac00632 elementor-position-top elementor-widget elementor-widget-image-box\" data-id=\"1ac00632\" data-element_type=\"widget\" data-e-type=\"widget\" data-widget_type=\"image-box.default\">\n\t\t\t\t<div class=\"elementor-widget-container\">\n\t\t\t\t\t<div class=\"elementor-image-box-wrapper\"><figure class=\"elementor-image-box-img\"><img fetchpriority=\"high\" decoding=\"async\" width=\"542\" height=\"531\" src=\"https:\/\/arcolvasas.hu\/wp-content\/uploads\/2024\/05\/Stampf-Kriszta.png\" class=\"elementor-animation-grow attachment-full size-full wp-image-333\" alt=\"\" srcset=\"https:\/\/arcolvasas.hu\/wp-content\/uploads\/2024\/05\/Stampf-Kriszta.png 542w, https:\/\/arcolvasas.hu\/wp-content\/uploads\/2024\/05\/Stampf-Kriszta-300x294.png 300w\" sizes=\"(max-width: 542px) 100vw, 542px\" \/><\/figure><div class=\"elementor-image-box-content\"><h3 class=\"elementor-image-box-title\">Stampf Kriszta<\/h3><p class=\"elementor-image-box-description\">Stampf Kriszta arc- \u00e9s szem\u00e9lyis\u00e9golvas\u00e1s szak\u00e9rt\u0151, sok\u00e9ves tapasztalattal. Egyedi m\u00f3dszereivel seg\u00edti az embereket \u00f6nmaguk \u00e9s m\u00e1sok meg\u00e9rt\u00e9s\u00e9ben. Workshopjai \u00e9s konzult\u00e1ci\u00f3i r\u00e9v\u00e9n HR-munkat\u00e1rsak, terapeut\u00e1k, c\u00e9gvezet\u0151k, sz\u00fcl\u0151k \u00e9s p\u00e1rok sz\u00e1m\u00e1ra is \u00e9rt\u00e9kes tud\u00e1st ny\u00fajt. C\u00e9lja, hogy mindenki felfedezze saj\u00e1t arc\u00e1nak \u00e9s \u00e9lett\u00f6rt\u00e9net\u00e9nek val\u00f3di jelent\u00e9s\u00e9t.<\/p><\/div><\/div>\t\t\t\t<\/div>\n\t\t\t\t<\/div>\n\t\t\t\t\t<\/div>\n\t\t<\/div>\n\t\t\t\t\t<\/div>\n\t\t<\/section>\n\t\t\t\t<\/div>\n\t\t","protected":false},"excerpt":{"rendered":"<p>K\u00e9sz vagy! 100% Gratul\u00e1lok! Sikeresen jelentkezt\u00e9l. H\u00e1l\u00e1s vagyok a bizalmad\u00e9rt, \u00f6r\u00fcl\u00f6k, hogy regisztr\u00e1lt\u00e1l. Ez csak a megismerked\u00e9s\u00fcnk els\u0151 l\u00e9p\u00e9se volt, az arcolvas\u00e1s enn\u00e9l sokkal t\u00f6bbet tud m\u00e9g ny\u00fajtani sz\u00e1modra. Rem\u00e9lem [&hellip;]<\/p>\n","protected":false},"author":1,"featured_media":0,"parent":0,"menu_order":0,"comment_status":"closed","ping_status":"closed","template":"elementor_header_footer","meta":{"_acf_changed":false,"footnotes":""},"class_list":["post-1867","page","type-page","status-publish","hentry"],"acf":[],"_links":{"self":[{"href":"https:\/\/arcolvasas.hu\/index.php\/wp-json\/wp\/v2\/pages\/1867","targetHints":{"allow":["GET"]}}],"collection":[{"href":"https:\/\/arcolvasas.hu\/index.php\/wp-json\/wp\/v2\/pages"}],"about":[{"href":"https:\/\/arcolvasas.hu\/index.php\/wp-json\/wp\/v2\/types\/page"}],"author":[{"embeddable":true,"href":"https:\/\/arcolvasas.hu\/index.php\/wp-json\/wp\/v2\/users\/1"}],"replies":[{"embeddable":true,"href":"https:\/\/arcolvasas.hu\/index.php\/wp-json\/wp\/v2\/comments?post=1867"}],"version-history":[{"count":7,"href":"https:\/\/arcolvasas.hu\/index.php\/wp-json\/wp\/v2\/pages\/1867\/revisions"}],"predecessor-version":[{"id":1877,"href":"https:\/\/arcolvasas.hu\/index.php\/wp-json\/wp\/v2\/pages\/1867\/revisions\/1877"}],"wp:attachment":[{"href":"https:\/\/arcolvasas.hu\/index.php\/wp-json\/wp\/v2\/media?parent=1867"}],"curies":[{"name":"wp","href":"https:\/\/api.w.org\/{rel}","templated":true}]}}